).
-13
Calculate -22 + (-7 - (-22 - -11) - -15).
-3
-4 - (-15 - (5 - (2 - 1)))
15
Calculate -664 - -683 - (0 - -27).
-8
What is the value of -3 - (-6 + 2 + -4) - (11 - 8)?
2
Calculate 13 + 1 - (-4 - -33) - 14.
-29
What is the value of 16 + (3 - 9) + 4 + -36?
-22
Calculate 11 + (5 + -1 - (-1 - (0 - 5))).
11
Evaluate -1 + 2 + -15 + 4 - -1.
-9
Calculate (-3 - 2 - -22) + 0 - (1 + 4).
12
What is the value of 2 + -1 + -283 + 294 - (2 - -4)?
6
-17 + (1 - (-7 + 3)) - -11
-1
What is the value of (-9 - 2) + (-8 - -16) + 1?
-2
Calculate 14 + 0 + (-28 - 3) + -16.
-33
0 - -6 - ((8 + -7 - 0) + -13)
18
What is -15 - -1 - (36 + -24 + -15)?
-11
What is the value of (13 - -28) + -19 + -46?
-24
What is -19 + 1 + (51 - 32) + -22?
-21
Calculate 4 - -2 - ((-4 - 41) + 35).
16
What is the value of (9 - (19 + -7 - 10)) + 0?
7
-64 - -55 - (-11 + 2 + 2 + 1)
-3
What is (-56 - -3) + 57 + -2 + -2 + 2?
2
What is -11 - (2 - 0) - (5 + -5 + -6)?
-7
Evaluate (-17 - (-9 + (12 - 21))) + 18.
19
1 + 0 + 0 + (-3 + -7 - -1)
-8
What is the value of (27 + -26 - (-2 + -3)) + -12?
-6
Evaluate 6 - (55 - 39) - 8.
-18
What is (-18 - -7) + 7 + 1 - (-4 - 4)?
5
Evaluate -11 - (-14 + (23 - 7)).
-13
-2177 + 2173 + -27 + 1
-30
Evaluate (2 - 4) + -4 + 2 + -7.
-11
Calculate 6 + (22 - (32 + 11)).
-15
What is 9 - (-12 - -11 - (-11 - -4 - -4))?
7
Evaluate 8 + -1 - (20 + -11 + 1 - 14).
11
What is 3 + -5 + (12 - 8)?
2
What is -17 + (-6 - -19) - -7?
3
16 + (-33 - (-11 + 4)) + 14
4
9 + -6 - (1 - (-9 + 4 + 20))
17
What is 36 - (15 + 3) - 7?
11
What is the value of 10 - (0 - -3 - (11 - 11))?
7
Calculate 2 - -2 - ((0 - 8) + (10 - -1)).
1
Evaluate -3 + (-7 + 1 + (5 - 6) - 2).
-12
What is 4 + 1 + (-14 + -8 + 17 - -2)?
2
Evaluate -3 + 10 + 1 + -2 + -3 + 0.
3
What is the value of 7 + 12 + (7 - 5)?
21
What is the value of -7 + (-10 - 1 - 1)?
-19
-16 - (10 - (58 - 12))
20
Evaluate (7 - 5) + -6 + (-11 - -21) + 14.
20
What is 1 + (1 - -4) + (25 - 43)?
-12
Calculate 5 + (3 - -1) + -1 - (109 + -120).
19
What is -10 - (-3 - -4) - (43 - 17 - 69)?
32
What is the value of (-8 + 8 - 30) + -19 + 11?
-38
What is (-10 - -1) + (-6 - (-11 + 16)) + 23?
3
What is 204 - 229 - (1 - 22)?
-4
What is 11 + -6 + 5 + -6 - 5 - -7?
6
-26 + 0 - (-15 - (38 + -50))
-23
What is the value of -5 - (-16 + -15 + 23 - (-20 - 2))?
-19
What is the value of 16 + (-27 - (-3 - -3))?
-11
-10 - (1 + 5 + -6 + -6)
-4
What is the value of -3 + 0 - (241 - 254)?
10
17 + (-3 - (8 + (1 - 8))) + -6
7
What is -106 - -94 - (3 + -1 + -3)?
-11
Evaluate -337 + 335 - (2 + 0 - -8).
-12
Evaluate -3 - (13 - 14) - (-2 - -10).
-10
-7 + 13 + -75 + 35
-34
Evaluate -72 + 64 + 27 + (0 - 3).
16
12 + -11 + 29 + -49
-19
(13 - (-2 - -10)) + -6
-1
What is the value of 8 - (-10 + 10) - (10 - 21)?
19
What is -4 + (-9 - (1 - (-3 + (-5 - -2))))?
-20
2 - 17 - 1 - -7
-9
Calculate (-24 - -18) + -2 + -7.
-15
Calculate -24 - -16 - -16 - ((1 - -2) + 1).
4
What is the value of -4 + 3 + 1 + 5 + -4?
1
Calculate -19 + 15 - (-19 + 7).
8
-1 - 3 - (5 + -1 + (-9 - 0))
1
What is (5 - 5 - -6) + (6 - -10)?
22
What is 16 + 4 + -22 + 0 - 0?
-2
-6 + (7 - (3 + 4)) + -6 + 35
23
What is the value of 519 - 498 - (-2 - -38)?
-15
2 + 16 + 1 + -2
17
What is the value of 2 - (-33 - -17) - (15 - 2)?
5
Calculate 57 - 63 - (-3 + 3).
-6
Evaluate 13 + -10 - (10 + -5 + 4).
-6
-12 - (-14 - 12 - -12)
2
What is (-100 - -89) + (3 - -5 - (0 + 2))?
-5
What is the value of 21 + (34 - 29 - 18)?
8
What is -23 - -7 - (3 - (-3 - -5 - -3))?
-14
What is (12 - (18 - 27)) + -60 + 7 + 1?
-31
What is the value of 5 - 1 - (3 - 5 - 1 - -4)?
3
What is the value of 4 + (12 + (5 - 19) - 5)?
-3
Calculate (-20 - (-16 + -5)) + 7.
8
What is (-17 + 8 + -6 - -2) + 7 - -6?
0
Evaluate -10 + (11 - 21 - -9) + (-3 - -5).
-9
What is (-7 - 1) + 9 + -12 - -1 - -4?
-6
Calculate (20 - (2 - 1)) + -20 + (-49 - -65).
15
Calculate 20 + 1 + -6 + -13.
2
What is 7 + 4 + -2 + (6 - 6 - -2)?
11
Calculate 8 + (6 + -1 - 6) + -16.
-9
What is -39 - -24 - (-2 + -10)?
-3
What is the value of -19 - (-8 - (-5 + 4 + (-1 - -2)))?
-11
Calculate 16 + 9 + -19 + (-7 - -27).
26
(-64 + 8 - -25) + 52
21
What is the value of 3 - (20 - (19 + 2))?
4
What is 20 + (18 - (19 + 4))?
15
What is 20 - -26 - 29 - (1 + 2)?
14
What is -113 + 186 + -61 + (0 - (1 + -28))?
39
(-5 + 5 - 6 - -4) + 9
7
Evaluate (3 - (4 - (-5 + 2)) - -5) + -7.
-6
Evaluate 21 + (-50 - (-5 - 9)).
-15
What is 2 + -10 + 36 - (-7 - 0)?
35
What is 1 - 4 - (8 + 1 - 9)?
-3
What is the value of -5 + 9 + (-21 - -17)?
0
Evaluate 5 + (-7 - 5) - (0 - (5 + 2)).
0
(18 - (-3 + 8 + -2) - 4) + -5
6
Calculate 5 + 5 + (-28 - -35).
17
What is (1 - 6) + -14 - (-2 + 44 + -30)?
-31
5 + 8 + 17 + -28
2
What is the value of (-15 - -5) + 1 + 0 + 1?
-8
Evaluate -6 + -6 + 10 + -13 - -4.
-11
Calculate -2 - (41 + -27 + -15).
-1
-9 - ((-13 - -1) + 7 + -5) - 0
1
Evaluate -6 + -6 + (30 - (15 + -8)).
11
Calculate -23 - (15 + (3 + -4 - (2 - -1))).
-34
Evaluate 7 + 3 + (-46 + 51 - (-17 - 1)).
33
What is the value of (-9 + -1 - (-1 - -1)) + 26?
16
What is (22 - 11 - 0) + (2 - 4)?
9
Calculate (14 + 1 - 8) + -2.
5
Evaluate 3 + 8 - ((4 - (-1 + 14)) + 5).
15
Calculate -4 + (-3 - 2) - (-82 - -86).
-13
Calculate 7 + -7 + -11 + -14 - -8.
-17
What is (4 - (-5 + 15)) + 3 - (22 - 30)?
5
Calculate -27 + 29 + 13 + -4.
11
What is the value of 0 + 24 - 6 - 13?
5
Evaluate (6 + -5 - 23) + 42 + -34.
-14
-19 - (0 - -2 - (-193 - -205))
-9
What is -8 - ((4 - 5) + 0 + (14 - 7))?
-14
What is the value of -2 - ((1 - 5) + -20 + 12 + -5)?
15
Calculate 32 + (-31 - -15) + -14 + 14 + 0.
16
Calculate (-135 - -166) + -20 + 0.
11
Evaluate -19 - ((-13 - -7 - 2 - 0) + 4).
-15
What is 22 - (20 - (9 - -11))?
22
1 - -41 - (14 - (23 + (-6 - 13)))
32
What is the value of 15 + 10 + -18 + -19?
-12
Calculate (8 - 2) + (5 - (-5 + 0)) - -1.
17
What is the value of (10 - -2) + (14 - 5 - 9)?
12
What is 5 + 18 + (-3 - (4 + -5)) + -6?
15
Calculate (5 - 1) + (4 - (2 + 6 + -5)).
5
(-12 - -2 - (61 + -38)) + 11
-22
What is the value of (13 - 49) + (19 - 7) - -15?
-9
(9 - 10 - 3) + -3
-7
(-6 - 7) + 14 + 15 - (14 - 3)
5
-19 - (6 - (-14 - -24))
-15
What is 0 - 5 - ((-9 - -10) + -17 - -13)?
-2
Evaluate -2 + -2 + 2 + 4 - (5 - 5).
2
Evaluate -8 + (-1 - (20 + -11)) + 10.
-8
What is the value of -16 - ((3 - (31 - 9)) + 15)?
-12
Evaluate 7 + (2 - (-9 + 39 + -2)) + 7.
-12
What is the value of 1 + -8 - (-4 - 36) - (-3 + 2)?
34
Evaluate -4 + (4 - 1 - 5) + (14 - 11).
-3
What is (18 - -1 - 10) + -3?
6
What is -8 + 11 + -1 + 6 - -7?
15
What is -238 + 261 + (4 - 54)?
-27
Evaluate 1 - (11 + 19 + -11 + -27 - -7).
2
What is -1 - (3 + -3 + 4 - -4)?
-9
What is the value of -51 + 29 + -1 + 0 + (6 - 0)?
-17
Evaluate 14 - (0 + 3 - 0) - (-17 + 11).
17
What is the value of 60 + -79 - (-14 + -2)?
-3
What is the value of (4 + -30 - -14) + 5?
-7
What is the value of -5 + 2 + -4 + 27 + -27?
-7
Calculate (-215 - -183) + (1 - (-14 + -1)).
-16
-42 + 40 + -40 - -41
-1
-20 + -14 - -26 - (1 + -12)
3
Evaluate 15 + (2 - (3 - -9 - 7)).
12
What is 1 + (-14 - (7 - 5) - -7)?
-8
(-41 - (-82 + 15)) + -9
17
What is the value of (2 - (-3 + 3)) + 4 - (-46 - -47)?
5
What is the value of (4 + -3 - 19 - -3) + 9?
-6
What is the value of 1 + 18 + 29 + -39?
9
11 - 1 - (-51 + (13 - -23))
25
Calculate 10 - (-18 + 13 + 3 - (-37 + -4)).
-29
3 + (5 - 3 - -1 - 4) - -13
15
What is the value of (10 - 17) + 6 + 10?
9
What is -20 - (-28 - -10) - (8 + 3)?
-13
Calculate -27 - (9 - (-4 + 11)) - (-5 - -2).
-26
-7 + 0 + 1 + (-7 - -37) + -1
23
Calculate 6 + (5 + (-6 - -1) - 1 - -1).
6
Evaluate 0 + 3 - -8 - 8.
3
What is the value of 0 + (6 + -13 - -9) - (6 - 7)?
3
What is (-15 - (-23 - -18)) + 15?
5
Calculate -15 + 3 + 5 + (1 - (6 - 1)).
-11
Calculate -1 + -6 - (6 - (0 + 16) - -10).
-7
What is the value of (-1 - -1) + -24 + (-579 - -588)?
-15
What is (11 - -1) + 186 + -213?
-15
Calculate (146 - (6 - -143)) + -1 + -1 + 0.
-5
What is 17 - 8 - (19 + -21)?
11
Evaluate 6 - (31 + -27) - 26.
-24
What is the value of (6 + -1 + 0 - -7) + 19 + -22?
9
Calculate -5 - (-9 + 13 + -17).
8
What is the value of 17 - 16 - (-13 - -3 - -6)?
5
Calculate 0 + (-13 + 13 + 0 - 8).
-8
Calculate -127 - -136 - (1 - -2) - (-4 + 0).
10
Calculate 23 + (3 - 2 - 0) - (-5 - -11).
18
(4 - -3) + (1 - 2) + -542 + 533
-3
What is the value of 8 - (-12 + (-14 - -19))?
15
0 - -1 - (-15 + 19) - -3 - -11
11
What i